s 4/(-6) + 5207/f a prime number?
False
Suppose 1894*d = 1874*d + 180. Let v = -19 - -10. Is ((-339)/d)/(6/v)*2 composite?
False
Let k be ((-21)/(-6))/(-7)*0. Let v(h) = h. Let r(i) = 4*i - 95. Let u(j) = -r(j) + 6*v(j). Is u(k) a prime number?
False
Suppose 0 = 5*f - n + 41, -4*n - 12 = -2*f + 4*f. Let j be (-4 - 36/f)*10. Is (-1)/j - 772/(-10) a prime number?
False
Suppose 8*v - 3 - 13 = 0. Let q = -1035 + 4867. Suppose 2*t + 2*t = 4*z + q, -z = v*t - 1901. Is t prime?
True
Suppose 5*m - 9*z = -8*z + 468445, -5*m + 3*z = -468445. Is m a prime number?
False
Let t(w) = -658403*w + 2803. Is t(-2) composite?
False
Let y(r) be the second derivative of -23*r**4/12 + r**3/3 - 7*r**2 + 24*r. Let f(k) be the first derivative of y(k). Is f(-2) composite?
True
Suppose -119*g + 115*g - 61400 = 0. Let p = 27481 + g. Is p a composite number?
True
Let c(v) = -859*v + 635. Is c(-14) a prime number?
False
Let x = -16 + 16. Suppose 0 = 5*z + 5*j - 155, 5*j + x*j = 5*z - 185. Let o = 65 - z. Is o a prime number?
True
Let l be (-1)/2 - 54/(-12). Suppose -l + 7 = -3*f. Is 146 + ((-12)/(-4))/f composite?
True
Let z(s) = -5*s + 54. Let u be z(7). Let c be (12 + (1 - 2))*19/u. Suppose 5*a = 7*b - c*b + 19021, b - 4*a = 4771. Is b a composite number?
False
Let a = 9688 - 6826. Suppose a = -26*k + 99556. Is k a prime number?
True
Is (-83)/3*(13 + -402 - (-3 - 5)) prime?
False
Is (-2)/(-26)*-2 + (-1471968183)/(-11219) a prime number?
True
Let n(y) = 3687*y + 358. Is n(9) a prime number?
False
Let k = 143117 - 56490. Is k a prime number?
True
Let g(q) = 13845*q**2 - 68*q + 212. Is g(3) composite?
True
Let r be (1 - (-170)/(-150)) + (-105287)/(-15). Let h = r + -216. Is h prime?
True
Suppose 4*z + r = 63831, 10428 = z + r - 5526. Is z composite?
False
Suppose 1880303 = 2*f - 3*d, 2*f - 7*d = -12*d + 1880343. Is f a composite number?
True
Let y(w) = -34*w - 1. Suppose -4*d = -9*d + 15. Suppose -d*k = -n - 5 - 5, -4*k = -4. Is y(n) a composite number?
True
Let p(l) = 4*l**2 - 68*l + 2. Let j be p(17). Is j/(-12) - 1246632/(-144) prime?
False
Let t(q) = 3348*q + 505. Is t(33) a prime number?
True
Suppose -5*j - 17*j + 25850 = 0. Suppose 0 = -6*r + j + 1339. Is r prime?
True
Let g = -5 - -9. Suppose a + 2*s + 4 = 0, -3*a - g*s = 2 + 4. Suppose 212 = 2*r + a*r. Is r a composite number?
False
Suppose 0 = 3*i - i + w + 10169, 15286 = -3*i + 5*w. Let k = 11250 + i. Is k prime?
True
Let h be (-44)/(-132) + 422084/3. Suppose 27*z = h - 8314. Is z prime?
True
Suppose -c = 4*d - 582, -9*c + 8*c = -3*d - 603. Let u be (-2)/(-10)*-3 + c/(-10). Is (-456516)/u + 5/(75/6) a composite number?
True
Suppose -v - 5*z + 8 = -0*v, -5*v + 2*z + 13 = 0. Suppose 0 = 5*o + 32*f - 37*f - 34025, -v*o + 5*f = -20415. Is o a composite number?
True
Is (3/18)/(6/(-8 - -8080604)) a composite number?
False
Let f(j) be the second derivative of -j**6/120 + 11*j**5/60 - 3*j**4/8 + 11*j**3/6 + j**2/2 + 12*j. Let t(b) be the first derivative of f(b). Is t(8) prime?
True
Let i = 42 + -41. Let m be (-1103)/(i/(-3)*-3). Let w = -694 - m. Is w composite?
False
Let m(c) be the second derivative of 113*c**4/12 - 7*c**3/3 - 54*c**2 + 2*c - 28. Is m(15) composite?
True
Let u = 213213 - 151352. Is u a composite number?
False
Suppose 0 = 119*h - 11970976 + 2604843. Is h a prime number?
True
Suppose 56*t - 59*t + 297942 = 3*n, 0 = t - 5*n - 99332. Is t composite?
False
Let s = -616 - -604. Is (-2086)/((-8 - s) + -6) a prime number?
False
Let s(h) = 32*h + 40. Let a(v) = -11*v - 13. Let q(g) = -17*a(g) - 6*s(g). Let d be q(-5). Suppose 0 = d*p - 13*p + 14707. Is p a composite number?
True
Suppose -3*w = 3*q - 625362, 388*q + 416911 = 390*q + 3*w. Is q a composite number?
True
Suppose g - 33*d = -30*d + 6932, 2*g + 4*d = 13914. Is g composite?
False
Let y = 52763 - -308094. Is y prime?
False
Let i be ((-70)/10 + 8)/(1/17). Is (-27652)/(-6) + (6 - i/3) a prime number?
False
Let o = -13679 - 420. Let d = o + 21076. Is d prime?
True
Is 21 - (-18009 + (-25 - -18)) a prime number?
False
Let u(h) = 20*h**3 - 6*h**2 + 2*h - 33. Let q = -340 - -346. Is u(q) composite?
True
Is (-1)/((-51)/(-6)) - (-65)/(-442)*-708010 a composite number?
False
Suppose 295 = -0*r + 5*r. Let g = 74 - r. Suppose -g*q = -13*q - 3946. Is q a prime number?
True
Suppose -8*s - 964 + 5068 = 0. Let z = -499 + s. Is z prime?
False
Let m be 1/(54/12 + -4). Suppose m*q - d - 3291 = 0, 0 = -4*q + d + 5237 + 1346. Is q a prime number?
False
Let g be -2 + (-5)/(25/(-2765)). Let v = 1344 - g. Suppose 5*i - v - 3192 = 0. Is i a composite number?
False
Suppose -5*p = 10, -2*p = 4*o - 6*p. Is (o - (-11 - -7))/(2/45691) prime?
True
Suppose 3*x - 2*y = 1071, -3*x = x - 3*y - 1427. Let t = 32 + x. Is t a prime number?
False
Let h be (23/(-4) + 2)*-4. Suppose -4*a - a = h. Is (a + 1265)*(-6)/(-12) composite?
False
Suppose 42*z + 148 = 46*z. Let d = z + -51. Let j(l) = -231*l - 31. Is j(d) a prime number?
True
Let v(y) = -y**2 + 17*y - 50. Let f be v(4). Is (-3 + (-2131)/f)*(6 + -16) prime?
False
Suppose 4*y - 2182825 = 164*a - 169*a, -2*a + 873107 = -3*y. Is a a composite number?
True
Suppose 5 = -2*y + 3*y + 4*o, -4*y = 2*o - 34. Suppose 3*p + 37998 - 7124 = 5*d, -3*p - y = 0. Suppose 0 = 6*b - d - 121. Is b composite?
False
Let g be -8 - -4 - 80/(-4). Let s(r) = 2*r**3 - 8*r**2 - 11*r - 23. Let q be s(g). Suppose 5*u + 4*i - q = 0, 5*u + 3*i - 8*i - 5945 = 0. Is u a prime number?
False
Suppose -4*g = -g. Suppose 2*p - 1045 = -3*b, g = 3*p + 3*b - 6*b - 1590. Suppose -6857 = -6*s - p. Is s composite?
True
Let h = -36 - -40. Suppose -h*d - 184 = -4*m, 0 = -d - 5 + 7. Suppose c + m = q, 2*c - c - 93 = -2*q. Is q composite?
False
Let d be (-5 - 0) + -10 + 10. Let a be 6/(-4)*(3 + d + 0). Suppose 18869 = a*r + 2*k, -3*r + 18849 = -0*r - 3*k. Is r prime?
True
Let k = -50 - -2. Let z = k - -38. Let m = z + 113. Is m composite?
False
Is ((8/(-10))/(-1))/(214/35525605) a prime number?
False
Let m(o) = -o**3 - 13*o**2 + 18*o + 13. Let q be m(-14). Is 215/q*(-6563)/5 prime?
True
Let h = 742 + -472. Suppose -h = -4*z + 10798. Is z prime?
True
Is 0 + 0 - (65526/(-6) + -18) composite?
False
Let i = -53206 - -92485. Is i a prime number?
False
Suppose -2*k + 86 = -5*i + 500, 3*k - 93 = -i. Suppose -75*q - 8271 = -i*q. Is q composite?
False
Suppose -36*a + 40*a = 8. Suppose -a*j = -h + 131, h - 3*j + 7*j - 101 = 0. Is h prime?
False
Let m be (-2)/10 - (122994/(-45) + 8). Let k = 3472 + m. Is k composite?
False
Is 10 + (-273)/26 + (-239058)/(-12) a composite number?
True
Suppose 37*u - 55 = 32*u. Suppose -u*a + 6719 + 19758 = 0. Is a a prime number?
False
Suppose -5*p - 3*t + 4239551 = 0, 0 = -4*t - 12 - 20. Is p a composite number?
True
Let t(a) = 98465*a**3 - 9523*a**3 - 22*a - 1 + 2*a**2 + 21*a. Let m be t(1). Suppose 6*q + 8*q - m = 0. Is q prime?
True
Let l(u) = 131*u**2 + 89*u + 23. Is l(-31) a composite number?
True
Let x(d) = -181762*d - 1017. Is x(-5) a prime number?
True
Suppose 59*i - 13645167 = -1842799 - 149455. Is i composite?
False
Let o(w) = 6*w + 17. Let k be o(-6). Let f be 2 + (k + 4 - -4). Is f/3 - 17*59*-2 a composite number?
False
Let b be 2/(20/8 + -3). Let l be 4 + b + 2 + -2. Suppose l = 2*h + 3*h - 5, -5*i - 2*h + 427 = 0. Is i a prime number?
False
Is 6/(-12) + (-6045732)/(-56) a composite number?
True
Let c = 169 - 165. Is (-3 - 49014/3)*c/(-12) a composite number?
True
Let w(b) = 574*b + 1203. Is w(58) a prime number?
False
Suppose -671 = -4*b + 11809. Suppose 3*v + b + 3384 = 0. Let k = v - -4425. Is k composite?
True
Let c(b) = 2*b**3 + 6*b**2 + b + 9. Let l be c(-5). Let t be ((-6)/4)/((-4)/(l/9)). Is (155 - 0)*1 - t a prime number?
False
Let f be (-6)/4*4/2. Let j(h) = -5 + 20 - 9*h - 2 - 18*h - 7. Is j(f) a prime number?
False
Suppose n + 0*g - 547 = 5*g, -n + 546 = -4*g. Suppose -371 - n = -v - 4*r, -r + 3652 = 4*v. Is v prime?
False
Suppose -1192 = -686*c + 682*c. Suppose -c*h + 255180 = -286*h. Is h a prime number?
False
Suppose -53 = 5*r - 73. Suppose -r*f + 33 - 25 = 0. Is (-1923)/3*(-3 + f) a prime number?
True
Let n(x) = 42*x + 40. Let r be n(8). Suppose 2*y - r = 2*p - 0*y, 2*p + 2*y = -392. Let h = -101 - p. Is h a prime number?
False
Suppose -20 = 4*h - 5*a, -a = -5*h - 0*a - 4. Suppose -c = 4*m - 7 - 9, 2*c + 2*m - 8 = h. Suppose 5*d + l